base 16) to base 7.
-6
What is 100000 (base 2) in base 5?
112
Convert -2 (base 6) to base 7.
-2
What is 1 (base 8) in base 12?
1
Convert 6 (base 14) to base 11.
6
What is 210 (base 4) in base 6?
100
Convert -66 (base 10) to base 14.
-4a
1 (base 12) to base 15
1
What is 52 (base 12) in base 7?
116
15 (base 12) to base 4
101
-105 (base 7) to base 3
-2000
Convert -12 (base 14) to base 5.
-31
What is 5 (base 11) in base 16?
5
Convert -101202 (base 3) to base 10.
-290
Convert -27 (base 12) to base 5.
-111
Convert -3 (base 15) to base 6.
-3
Convert 50 (base 13) to base 6.
145
Convert 10 (base 7) to base 16.
7
Convert -2d (base 16) to base 9.
-50
Convert 1 (base 2) to base 7.
1
What is 15 (base 13) in base 16?
12
Convert 1 (base 13) to base 15.
1
Convert 1 (base 6) to base 2.
1
Convert -27 (base 10) to base 3.
-1000
Convert 1 (base 8) to base 10.
1
What is 11 (base 11) in base 10?
12
-5 (base 7) to base 6
-5
What is 109 (base 10) in base 16?
6d
3 (base 8) to base 5
3
Convert -24 (base 14) to base 13.
-26
-a (base 15) to base 4
-22
55 (base 11) to base 5
220
a2 (base 15) to base 11
129
What is 112 (base 3) in base 2?
1110
What is -7 (base 12) in base 2?
-111
-a4 (base 12) to base 16
-7c
What is -21 (base 3) in base 13?
-7
-4 (base 8) to base 14
-4
What is -4b (base 15) in base 4?
-1013
What is -16 (base 9) in base 5?
-30
Convert -4 (base 12) to base 15.
-4
Convert -11 (base 4) to base 10.
-5
What is a (base 11) in base 13?
a
What is -64 (base 9) in base 12?
-4a
Convert -2 (base 3) to base 12.
-2
Convert -7 (base 11) to base 12.
-7
Convert 5 (base 12) to base 7.
5
Convert 1 (base 9) to base 7.
1
Convert 1 (base 11) to base 14.
1
14 (base 11) to base 10
15
-4d (base 14) to base 2
-1000101
What is 4 (base 11) in base 15?
4
Convert -83 (base 12) to base 10.
-99
-48 (base 10) to base 14
-36
What is -11011 (base 2) in base 9?
-30
Convert 1 (base 12) to base 4.
1
0 (base 3) to base 6
0
2 (base 4) to base 10
2
-1324 (base 5) to base 2
-11010110
-23 (base 15) to base 10
-33
What is 6b (base 15) in base 8?
145
Convert 4 (base 16) to base 12.
4
8 (base 9) to base 10
8
-3 (base 16) to base 4
-3
What is -2 (base 7) in base 5?
-2
23 (base 10) to base 4
113
What is -12 (base 4) in base 15?
-6
Convert 0 (base 13) to base 6.
0
What is -100 (base 2) in base 12?
-4
What is -90 (base 14) in base 13?
-99
-60 (base 12) to base 7
-132
What is -2 (base 10) in base 6?
-2
Convert -1 (base 3) to base 9.
-1
What is 7 (base 9) in base 12?
7
What is 1031 (base 4) in base 3?
2212
Convert 1020 (base 3) to base 14.
25
Convert -2 (base 9) to base 14.
-2
256 (base 7) to base 8
213
What is -6 (base 16) in base 11?
-6
Convert 101010 (base 2) to base 4.
222
What is 10012 (base 3) in base 15?
5b
-24 (base 11) to base 2
-11010
Convert 1d (base 14) to base 11.
25
4 (base 5) to base 12
4
Convert -3 (base 15) to base 3.
-10
Convert 100 (base 2) to base 9.
4
45 (base 10) to base 3
1200
Convert -100010110 (base 2) to base 7.
-545
What is -11 (base 2) in base 5?
-3
-205 (base 6) to base 2
-1001101
Convert 1c (base 14) to base 12.
22
-34 (base 13) to base 14
-31
101010 (base 2) to base 13
33
What is -150 (base 6) in base 2?
-1000010
Convert 3 (base 10) to base 16.
3
What is 101 (base 3) in base 4?
22
Convert 11111 (base 3) to base 15.
81
What is -1a (base 11) in base 9?
-23
What is 4 (base 15) in base 12?
4
What is 1 (base 13) in base 11?
1
What is -33 (base 8) in base 9?
-30
What is -1300 (base 4) in base 5?
-422
What is -5 (base 13) in base 12?
-5
-3301 (base 4) to base 3
-22221
3 (base 7) to base 16
3
-158 (base 13) to base 7
-464
What is -46 (base 13) in base 14?
-42
What is -4 (base 11) in base 15?
-4
Convert -18 (base 10) to base 3.
-200
Convert 56 (base 13) to base 5.
241
What is -1 (base 7) in base 10?
-1
-10 (base 3) to base 10
-3
What is -6 (base 7) in base 10?
-6
22 (base 8) to base 9
20
What is 332 (base 4) in base 12?
52
What is -7 (base 11) in base 15?
-7
-2a (base 13) to base 3
-1100
Convert 22 (base 14) to base 3.
1010
Convert 42 (base 14) to base 10.
58
What is -4c (base 13) in base 12?
-54
Convert 71 (base 9) to base 7.
121
Convert 0 (base 10) to base 6.
0
What is 14 (base 8) in base 14?
c
Convert -20 (base 14) to base 5.
-103
Convert -47 (base 8) to base 13.
-30
Convert -130 (base 8) to base 4.
-1120
122 (base 3) to base 16
11
10 (base 5) to base 9
5
Convert 1 (base 9) to base 11.
1
-1020 (base 5) to base 12
-b3
-10 (base 14) to base 11
-13
What is -23 (base 7) in base 3?
-122
Convert -2 (base 13) to base 6.
-2
-15 (base 7) to base 16
-c
Convert 23 (base 5) to base 9.
14
Convert -112 (base 5) to base 16.
-20
Convert -72 (base 15) to base 14.
-79
Convert 1001 (base 2) to base 15.
9
3 (base 5) to base 15
3
Convert -1 (base 10) to base 14.
-1
Convert 11 (base 2) to base 16.
3
Convert -17 (base 14) to base 3.
-210
What is 113 (base 9) in base 5?
333
2 (base 3) to base 6
2
-6 (base 8) to base 6
-10
-10 (base 12) to base 16
-c
1 (base 4) to base 12
1
What is 3 (base 4) in base 12?
3
-102 (base 8) to base 3
-2110
-19 (base 11) to base 14
-16
What is -9a (base 12) in base 15?
-7d
What is -1200 (base 3) in base 4?
-231
Convert -43 (base 8) to base 11.
-32
What is -22 (base 4) in base 11?
-a
What is 1 (base 5) in base 14?
1
Convert -4 (base 11) to base 5.
-4
What is 2 (base 8) in base 7?
2
Convert 13 (base 6) to base 3.
100
Convert -2a (base 16) to base 13.
-33
2 (base 9) to base 8
2
-15 (base 8) to base 15
-d
-1 (base 6) to base 9
-1
6 (base 11) to base 8
6
Convert 166 (base 14) to base 12.
1ba
d (base 16) to base 7
16
Convert -4 (base 13) to base 12.
-4
-1001 (base 3) to base 2
-11100
Convert 2 (base 3) to base 6.
2
1 (base 11) to base 3
1
12 (base 12) to base 14
10
What is 3 (base 4) in base 10?
3
What is -d8 (base 15) in base 5?
-1303
What is -204 (base 5) in base 2?
-110110
Convert -10100011 (base 2) to base 13.
-c7
1 (base 15) to base 6
1
What is 8 (base 16) in base 9?
8
What is -13 (base 15) in base 10?
-18
-14 (base 6) to base 15
-a
What is 4 (base 10) in base 4?
10
What is 23 (base 5) in base 15?
d
Convert -2 (base 9) to base 6.
-2
What is 3 (base 13) in base 6?
3
Convert -1 (base 16) to base 12.
-1
156 (base 9) to base 13
a2
Convert -11100000 (base 2) to base 12.
-168
What is 1 (base 15) in base 8?
1
4 (base 15) to base 16
4
4a (base 13) to base 10
62
Convert 0 (base 7) to base 11.
0
a3 (base 11) to base 12
95
-50 (base 16) to base 5
-310
-111 (base 4) to base 8
-25
0 (base 5) to base 9
0
What is -4 (base 5) in base 15?
-4
40 (base 11) to base 8
54
Convert -c (base 14) to base 9.
-13
3 (base 11) to base 13
3
What is 1 (base 16) in base 6?
1
What is 3 (base 11) in base 12?
3
Convert 15 (base 6) to base 3.
102
Convert -11 (base 3) to base 8.
-4
Convert -1100 (base 3) to base 7.
-51
Convert -9 (base 13) to base 15.
-9
Convert -9 (base 15) to base 8.
-11
Convert -55 (base 10) to base 12.
-47
Convert 3 (base 9) to base 10.
3
Convert -9b (base 14) to base 9.
-162
2 (base 4) to base 5
2
Convert 220 (base 7) to base 3.
11011
204 (base 5) to base 16
36
Convert -120 (base 4) to base 3.
-220
What is -11 (base 3) in base 11?
-4
What is -12 (base 4) in base 13?
-6
What is 134 (base 6) in base 8?
72
Convert -1d (base 16) to base 6.
-45
What is b4 (base 12) in base 4?
2020
-12 (base 11) to base 16
-d
Convert -1 (base 4) to base 11.
-1
Convert -31 (base 12) to base 10.
-37
Convert 2 (base 7) to base 15.
2
What is -1 (base 8) in base 2?
-1
What is -605 (base 7) in base 3?
-102002
Convert -6 (base 14) to base 6.
-10
Convert 28 (base 9) to base 6.
42
Convert -19 (base 11) to base 14.
-16
What is -27 (base 13) in base 14?
-25
What is -300 (base 5) in base 7?
-135
What is 1001000 (base 2) in base 8?
110
What is -17 (base 12) in base 6?
-31
1042 (base 6) to base 10
242
What is -26 (base 14) in base 6?
-54
Convert 37 (base 13) to base 7.
64
-93 (base 11) to base 10
-102
What is 21 (base 6) in base 2?
1101
What is 2 (base 8) in base 7?
2
What is -2 (base 14) in base 16?
-2
-210 (base 3) to base 5
-41
What is 10 (base 13) in base 6?
21
Convert 5 (base 14) to base 9.
5
154 (base 12) to base 3
21201
What is 2 (base 10) in base 11?
2
-120 (base 3) to base 12
-13
What is 3 (base 16) in base 14?
3
What is -10111 (base 4) in base 12?
-1b1
Convert 16a (base 14) to base 4.
10202
Convert 2 (base 13) to base